. What is p(w)?
-3
Let x(n) = 31*n**2 - 15*n - 10*n**2 + 28 + 14*n**2. Let c(w) = 17*w**2 - 7*w + 13. Let s(q) = -13*c(q) + 6*x(q). Determine s(1).
-11
Let a(l) = 4 + 2*l + 4*l - 5. Let z be (-4 - (65/(-3))/5)/((-26)/(-78)). Give a(z).
5
Let d(k) be the second derivative of 3*k**3/2 + 43*k**2/2 + 161*k. Let v(m) = m + 7. Let u(x) = d(x) - 6*v(x). Calculate u(-5).
-14
Let w(p) be the first derivative of -p**4/24 - 7*p**3/6 + 33*p**2 - 22. Let h(g) be the second derivative of w(g). Give h(5).
-12
Let a(r) be the second derivative of -1/12*r**4 + 0 - 52*r - 9/2*r**2 + 7/6*r**3. Determine a(6).
-3
Let j(m) = m**3 + m**2 - 2*m - 1. Let s(f) be the first derivative of 3*f**4/4 - 4*f**3/3 + 4*f**2 + 4*f + 86. Let k(h) = 4*j(h) + s(h). Give k(-1).
-7
Let n(l) = -1 + 8 - l + 4*l. Let r be 37/8 + (-9 - 975/(-104)). Suppose -4*s - 2*p - 2*p = 40, 0 = s - r*p - 20. Calculate n(s).
-8
Suppose 139 = -117*i + 2 - 97. Let w(j) be the first derivative of -j**4/4 - j**3/3 + 3*j**2/2 + j + 2. Calculate w(i).
-1
Let w(i) = -i**2 + 8*i + 31. Let l = -17207 - -17221. Determine w(l).
-53
Let c(t) = -3*t + 27. Let i(b) be the third derivative of b**5/30 + 37*b**4/24 + 53*b**3/3 - 9*b**2. Let y be i(-3). Calculate c(y).
-12
Let d(i) = i**3 - 9*i**2 + 3*i - 3. Suppose 38 = 2*c - 4*q, -11*c = -31*c + q + 185. Determine d(c).
24
Let c(u) be the first derivative of 3*u**4/4 - 67*u**3/3 - 23*u**2 + 5*u + 3959. Determine c(23).
5
Let s be 15/((-7)/((-14)/6)). Let f(p) = -8 + p**3 - 2*p + 8*p + p**2 + p - 3*p - s*p. Determine f(0).
-8
Let u(x) = -23*x - 3 - 22*x + 42*x + 4*x. Suppose -32 = -4*i + 5*b, -b - 4*b - 35 = -5*i. Determine u(i).
0
Let h(y) be the third derivative of -y + 1/120*y**6 + 1/15*y**5 - 1/2*y**3 + 0 - 1/4*y**4 - 50*y**2. Suppose -3*g - 2 - 13 = 0. Give h(g).
2
Suppose -1 = 3*x + 5. Let d(s) = -3*s - 19. Let r be d(-7). Let i(b) = 93*b + r*b**2 - 93*b. What is i(x)?
8
Let t(a) = -a. Let u(v) = -3*v + 18. Let q = 369 + -368. Let y(r) = q*u(r) - 5*t(r). What is y(-8)?
2
Let j(m) be the second derivative of -m**5/60 - m**4/4 + 2*m**3/3 + 7*m**2/2 + 2*m - 2. Let l(w) be the first derivative of j(w). Determine l(-6).
4
Let f(i) = -4*i**2 + 3*i - 13. Let n(u) = -u**2 - 2. Let k(l) = -f(l) + 5*n(l). Determine k(1).
-1
Let c(h) = 2*h**2 - 2*h + 2. Let v(a) = -a**3 + 12*a**2 - 10*a - 8. Let t be 68/18 - 26/(-117). Suppose 5*w = t*w + 11. Let g be v(w). Give c(g).
14
Let u(b) = -b**3 - 5*b**2 + 3*b - 1. Let p be (-3)/(-2)*80/(-15). Let o(t) = -t**3 - 8*t**2 - 7*t - 11. Let i be o(p). Let c = i - 49. Give u(c).
-29
Let j(n) = 26 + 4*n - 6*n - 2 + 14*n + 16. Determine j(-4).
-8
Let p(r) be the third derivative of -r**5/60 - 3*r**4/8 - 17*r**3/6 + 2*r**2 - 50*r. What is p(-7)?
-3
Let m(b) = -120*b**3 + 41 + 41*b**3 + 39*b**3 - 14*b**2 - 7 + 41*b**3 - 3*b. Determine m(14).
-8
Let f(a) = 9*a + 2. Suppose 0 = 10*w - 177 - 13. Suppose -p = w - 17. What is f(p)?
-16
Suppose b - 4 = 2*q, 3*b + 0*b - 12 = -5*q. Let y be 6*(-8)/(-120)*5. Let u(h) = 103*h**2 - 54*h**y - 50*h**2. What is u(b)?
-16
Let g(n) = -n**3 - 3*n**2 + 5*n. Suppose -15*y - 30 + 80 = -25*y. Calculate g(y).
25
Let d(w) = w**3 + 3*w + 0*w**2 - 3*w**2 - 1 - 8*w**2 + 5*w**2. Suppose -7*z - 2*x - 27 = -12*z, 5*z = 3*x + 28. What is d(z)?
-11
Let z(r) be the first derivative of -r**5/20 + r**4/3 + 2*r**3/3 + 5*r**2 - 70*r - 58. Let a(v) be the first derivative of z(v). Calculate a(5).
5
Let z be 4 + (119 - 127)*1/(-2). Let t(r) = -r**2 + 3*r + 38. Give t(z).
-2
Let h(u) = -36*u + 3672. Let m be h(102). Let y(j) = -5*j - 9. Determine y(m).
-9
Let k(c) = c**3 + 3*c**2 - 3*c + 2. Let b = 3 - 1. Suppose g = 5*l + 41 - 9, -4*g = -4*l - 96. Suppose b*j = -4*f - j - g, -3*f - 3*j = 18. Give k(f).
-2
Let q(y) = y**2 + y. Let o(c) = c**2 - 13*c + 13. Let x(r) = -13*r**3 - 1. Let z be x(-1). Let g be o(z). Suppose 0 = 5*u - 4 - g. Give q(u).
2
Let w(j) = -2*j**3 + 3*j**2 + 4*j. Suppose 4*r = 341*c - 343*c + 2, -5*c - r + 14 = 0. What is w(c)?
-15
Let t(o) = 2*o**3 - 6*o**2 - 5*o - 6. Suppose 10*n - 41 = -1. What is t(n)?
6
Suppose -4 = -2*n, 0 = -5*y + 3*n + 37 + 62. Let p(h) = -y + 15 - 20*h - h**3 + 16*h - 6*h**2. Give p(-4).
-22
Let u(s) = -69*s + 484. Let t(d) = 513*d - 4610. Let h be t(9). What is u(h)?
1
Let k(z) = z**2 + z - 1. Let w(b) = 3*b**2 + 10*b + 7. Let f(s) = 4*k(s) - w(s). What is f(13)?
80
Let u(b) be the first derivative of -b + 3 + 1/2*b**2. Let k(w) = w**3 - 7*w**2 + 6*w - 6. Let r be k(6). Give u(r).
-7
Let z(m) = m**3 - 8*m**2 - 4. Suppose 166*h + 198 = 982 + 710. What is z(h)?
77
Let v = 503 + -419. Let t(c) = v*c**2 - 75*c**2 - c + 2*c + 0*c. What is t(1)?
10
Let i(m) be the first derivative of -11/2*m**2 + 2*m - 1/3*m**3 + 7. Calculate i(-9).
20
Let l = -55 + 64. Suppose l - 10 = v. Let h(r) = -2*r**2 - 7*r + 7. Let p(f) = -f**2 - f - 1. Let y(u) = v*h(u) + p(u). Calculate y(-6).
-8
Let k = 3979 - 3979. Let q(m) be the first derivative of k*m + 16 - 3/2*m**2. Give q(1).
-3
Let u(n) be the second derivative of n**4/4 + 4*n**3 + 16*n**2 - 9578*n. Determine u(-6).
-4
Let d be -2*(9/6)/1. Let p(a) be the first derivative of -a**3/3 - a**2 + 4509. Calculate p(d).
-3
Suppose -12 = 4*x, -3*n - 2*n + x = 532. Let y = 110 + n. Let j be 48/(-15) + y/15 - 1. Let m(k) = -k**3 - 4*k**2. Give m(j).
0
Let x(r) = r**2 - 10*r + 11. Let h = -101 - 119. Let f be (-55)/h + 2/(16/46). Determine x(f).
-13
Let j(d) = -d**2 - 4*d - 4. Let i(m) = -6*m - 198. Let v be i(-37). Suppose 18*k - 18 = v*k. Give j(k).
-1
Let n(l) = 946*l**2 + 14*l - 58 - 472*l**2 - 477*l**2 + 48. What is n(5)?
-15
Let k(q) be the second derivative of -3*q**5/10 + q**4/12 + 2*q**3/3 - q**2/2 - 3007*q. Calculate k(2).
-37
Let t(d) = 13*d**3 + 8*d**2 - 4*d + 7. Let k(c) = -17*c**3 - 9*c**2 + 4*c - 8. Let j(h) = 5*k(h) + 6*t(h). Determine j(1).
-6
Let r(s) = -s**3 - 33*s**2 + 6*s + 14. Let n(q) = -3*q**2 + 2. Let t(z) = -8*n(z) + r(z). Determine t(-10).
38
Let z be (125/(-30))/(-5) + 4/24*-23. Let i(s) = 2*s**3 + 2*s**2 - 2*s + 6. What is i(z)?
-24
Let u(b) be the third derivative of b**4/12 - 28*b**3/3 - 3538*b**2. Determine u(14).
-28
Let n(a) = -37*a**2 - 9 + 32*a**2 + 4*a + 0*a**2 + 2*a**2. Give n(3).
-24
Let l(x) = 6*x + 39*x + 103 - 31*x**2 - 12*x - 73 - 3*x**3 + 2*x**3. Calculate l(-32).
-2
Let x(u) be the second derivative of u**3/3 + 33*u**2/2 - 2218*u. What is x(0)?
33
Let g(u) = u**3 + 58*u**2 + 3*u + 159. Let a be -56 - 5 - (6 - 22/4)*-6. What is g(a)?
-15
Suppose 5*i - 13 = -q, 4*i + 10 = 5*q + 3. Let z(f) = -f**i + 14 + 4 - 14. Suppose 0 = 3*m + 1 - 10. Give z(m).
-5
Let h = 0 + -2. Let x(c) = 8*c + c**3 - 2*c**2 + 35*c + c - 46*c + 2 - 1. Give x(h).
-11
Let c(w) = w + 1. Suppose 4*d + 236 - 904 = 0. Suppose d*m - 28 = 160*m. Give c(m).
5
Let c(o) be the first derivative of -o**5/60 - o**4/4 + o**3/2 + 42*o**2 + 108. Let l(r) be the second derivative of c(r). What is l(-7)?
-4
Let x(h) = 20*h**2 + h**3 - 17*h + 0*h**2 - 7 - 4*h**3 - 2*h**2 + 9. Give x(5).
-8
Let f(o) be the first derivative of -o**4/4 - 4*o**3/3 + 2*o + 464. Let m(y) be the second derivative of -y**4/12 + y**3/6 + y**2 + y. Let v be m(3). Give f(v).
2
Let q(a) be the first derivative of a**4/12 - 5*a**3/2 - 3*a**2/2 + 13*a - 49. Let y(g) be the second derivative of q(g). Calculate y(10).
5
Let l(b) = 5933*b + 2. Let j(c) = 988*c. Let z(h) = -6*j(h) + l(h). Suppose 0 = v - 3*s + 17, 3*v - 3 = 2*v - s. Determine z(v).
-8
Let i(k) = -8*k + 79. Let p(y) = 15*y - 165. Let t(r) = -13*i(r) - 6*p(r). Give t(3).
5
Suppose -4 = z - 2*s - 8, 3*z - 7 = s. Suppose -z*x - 7 = 2*n - 7*n, 0 = 3*x - 5*n + 3. Let v(t) = -6 + 3*t - t - 6*t + x. Calculate v(-3).
10
Let l(a) = -a**3 - 14*a + 10 - 22*a + 9*a**2 + 35*a. Let b be 27/15*(-35)/(-7). Give l(b).
1
Let m(w) = -6*w**2 - 2*w - 3. Let a(r) = r**3 - 9*r**2 + 21*r - 21. Let q be a(6). Give m(q).
-51
Suppose -39*t + 0 = -35*t + 20. Let m(f) = -f**3 - 2*f**2 - 4*f - 7. What is m(t)?
88
Let u(m) = 8*m**3 + 2*m**2 - 6*m - 1. Let z(c) = -c**3 + c. Let j(l) = -u(l) - 6*z(l). Let t = 122 - 111. Suppose 4*n + t + 9 = 0, 2*x + 2*n + 8 = 0. Give j(x).
-3
Let v(j) be the second derivative of -j**5/20 + j**4/3 - 7*j**3/6 + 3*j**2/2 + 6*j - 80. What is v(4)?
-25
Suppose 1303*i - 1306*i + 5*x = -7, 5*i - 21 = -x. Let m(g) be the second derivative